.
22
What is the highest common divisor of 52 and 156?
52
What is the greatest common divisor of 657 and 8103?
219
Calculate the greatest common divisor of 84 and 20.
4
Calculate the greatest common divisor of 63 and 414.
9
What is the greatest common factor of 4727 and 1467?
163
Calculate the greatest common factor of 5542 and 34.
34
Calculate the greatest common factor of 16 and 1528.
8
Calculate the highest common factor of 100 and 1650.
50
Calculate the greatest common divisor of 99 and 44.
11
Calculate the highest common factor of 329 and 2162.
47
Calculate the highest common divisor of 118 and 16.
2
Calculate the greatest common divisor of 2550 and 1125.
75
Calculate the greatest common factor of 15875 and 127.
127
What is the highest common divisor of 18 and 2886?
6
Calculate the greatest common factor of 176 and 64.
16
What is the highest common factor of 8 and 304?
8
Calculate the greatest common divisor of 12 and 2004.
12
What is the highest common divisor of 17 and 204?
17
Calculate the highest common divisor of 1589 and 6583.
227
Calculate the greatest common divisor of 3540 and 80.
20
Calculate the highest common factor of 1044 and 504.
36
What is the highest common divisor of 1902 and 6?
6
Calculate the highest common factor of 31 and 217.
31
Calculate the greatest common divisor of 10 and 270.
10
What is the greatest common factor of 24 and 1464?
24
What is the greatest common divisor of 101 and 12524?
101
Calculate the highest common factor of 10 and 40.
10
What is the highest common factor of 2 and 2?
2
What is the highest common factor of 74 and 814?
74
Calculate the highest common divisor of 27572 and 732.
244
What is the highest common divisor of 5 and 440?
5
What is the highest common factor of 87 and 18?
3
What is the greatest common factor of 24 and 2072?
8
Calculate the greatest common divisor of 90 and 2898.
18
Calculate the greatest common divisor of 212 and 53.
53
What is the greatest common divisor of 48 and 1506?
6
Calculate the greatest common factor of 2076 and 24.
12
What is the highest common divisor of 54 and 198?
18
Calculate the highest common factor of 910 and 14.
14
Calculate the greatest common factor of 777 and 3441.
111
What is the greatest common factor of 41 and 779?
41
What is the greatest common factor of 4037 and 11?
11
What is the highest common divisor of 460 and 145820?
460
Calculate the highest common factor of 306 and 18.
18
What is the highest common divisor of 2809 and 371?
53
What is the greatest common divisor of 8 and 536?
8
Calculate the greatest common factor of 14644 and 56.
28
Calculate the greatest common divisor of 2 and 1.
1
What is the greatest common factor of 32 and 2344?
8
Calculate the highest common factor of 24 and 57.
3
Calculate the highest common factor of 1545 and 15.
15
What is the greatest common factor of 234 and 54?
18
What is the greatest common factor of 5544 and 56?
56
Calculate the greatest common factor of 75 and 60.
15
Calculate the greatest common divisor of 198 and 99.
99
What is the greatest common factor of 2 and 2?
2
What is the greatest common divisor of 238 and 28?
14
What is the highest common divisor of 6 and 486?
6
What is the highest common divisor of 3880 and 40?
40
Calculate the highest common divisor of 2511 and 31.
31
What is the greatest common divisor of 930 and 320?
10
Calculate the highest common divisor of 343 and 49.
49
What is the highest common divisor of 690 and 483?
69
What is the highest common divisor of 10 and 175?
5
Calculate the greatest common factor of 5203 and 363.
121
What is the greatest common divisor of 160 and 810?
10
Calculate the highest common factor of 3135 and 5.
5
What is the highest common divisor of 65 and 4160?
65
What is the greatest common factor of 14 and 1414?
14
Calculate the greatest common divisor of 3972 and 228.
12
Calculate the highest common factor of 2 and 2858.
2
What is the greatest common factor of 228 and 4028?
76
Calculate the highest common factor of 2544 and 48.
48
Calculate the highest common factor of 302 and 2.
2
Calculate the highest common factor of 48 and 4584.
24
Calculate the greatest common divisor of 60 and 50.
10
Calculate the greatest common divisor of 20 and 220.
20
Calculate the greatest common divisor of 70 and 28.
14
Calculate the greatest common factor of 180 and 2430.
90
Calculate the highest common factor of 3596 and 31.
31
What is the highest common divisor of 4 and 176?
4
What is the highest common factor of 273 and 156?
39
Calculate the greatest common divisor of 20394 and 792.
198
What is the highest common divisor of 2 and 1646?
2
Calculate the highest common factor of 16 and 280.
8
Calculate the highest common divisor of 16 and 24560.
16
What is the highest common divisor of 27 and 24?
3
Calculate the highest common factor of 624 and 78.
78
Calculate the greatest common divisor of 15052 and 212.
212
Calculate the greatest common divisor of 336 and 756.
84
What is the greatest common factor of 8763 and 414?
69
Calculate the greatest common divisor of 280 and 455.
35
What is the highest common factor of 12 and 237?
3
Calculate the highest common divisor of 674 and 2.
2
Calculate the greatest common factor of 42 and 1218.
42
What is the highest common factor of 110 and 935?
55
What is the greatest common factor of 7650 and 9?
9
What is the greatest common factor of 6 and 510?
6
What is the highest common factor of 60 and 192?
12
What is the highest common divisor of 1502 and 2?
2
What is the highest common divisor of 1 and 563?
1
Calculate the highest common factor of 279 and 186.
93
Calculate the highest common factor of 91 and 2041.
13
What is the highest common divisor of 390 and 26?
26
What is the highest common divisor of 31833 and 131?
131
Calculate the greatest common factor of 40 and 672.
8
Calculate the highest common divisor of 576 and 200.
8
What is the greatest common factor of 400 and 48?
16
What is the highest common factor of 19 and 4?
1
Calculate the highest common factor of 196 and 24.
4
Calculate the greatest common divisor of 110 and 132.
22
What is the highest common divisor of 22 and 99?
11
Calculate the highest common factor of 14391 and 78.
39
Calculate the greatest common factor of 125 and 1.
1
What is the highest common factor of 63 and 294?
21
Calculate the greatest common factor of 429 and 156.
39
Calculate the highest common factor of 36 and 204.
12
What is the greatest common factor of 22 and 22418?
22
Calculate the highest common divisor of 1998 and 540.
54
What is the greatest common factor of 317 and 31?
1
Calculate the greatest common divisor of 517 and 22.
11
Calculate the highest common divisor of 46 and 8717.
23
Calculate the greatest common factor of 2914 and 658.
94
Calculate the highest common factor of 1356 and 1130.
226
Calculate the greatest common divisor of 4 and 2.
2
What is the highest common divisor of 78 and 3393?
39
What is the highest common factor of 70 and 80?
10
Calculate the highest common factor of 2352 and 56.
56
What is the highest common factor of 57 and 2679?
57
Calculate the greatest common factor of 77 and 2387.
77
Calculate the highest common factor of 1085 and 35.
35
What is the highest common factor of 707 and 21?
7
Calculate the highest common factor of 1 and 16.
1
What is the highest common factor of 28 and 40?
4
Calculate the highest common factor of 52 and 221.
13
Calculate the highest common factor of 5 and 295.
5
Calculate the highest common factor of 192 and 12.
12
Calculate the highest common factor of 68 and 68.
68
Calculate the greatest common divisor of 612 and 48.
12
Calculate the highest common divisor of 1470 and 2254.
98
Calculate the highest common divisor of 3760 and 80.
80
What is the greatest common factor of 2656 and 128?
32
Calculate the greatest common factor of 32 and 984.
8
Calculate the greatest common factor of 2635 and 85.
85
What is the highest common divisor of 13940 and 60?
20
What is the highest common divisor of 272 and 16?
16
What is the greatest common factor of 391 and 23?
23
Calculate the highest common divisor of 16 and 1296.
16
What is the highest common divisor of 266 and 646?
38
Calculate the highest common factor of 1 and 2.
1
Calculate the greatest common factor of 